actors of 902181867?
3, 67, 293, 15319
List the prime factors of 1034678470.
2, 5, 7, 43, 139, 2473
What are the prime factors of 402435500?
2, 5, 41, 67, 293
What are the prime factors of 872028614?
2, 59, 337, 21929
List the prime factors of 2544248950.
2, 5, 251, 202729
List the prime factors of 6799263303.
3, 7, 323774443
List the prime factors of 100738549.
17, 5925797
What are the prime factors of 2824180184?
2, 7, 769, 65581
List the prime factors of 123036194.
2, 6827, 9011
What are the prime factors of 584384038?
2, 7, 31, 233, 5779
What are the prime factors of 592943714?
2, 11, 17, 1585411
List the prime factors of 320143668.
2, 3, 13, 739, 2777
What are the prime factors of 706091798?
2, 17783, 19853
What are the prime factors of 41929989?
3, 23, 607681
List the prime factors of 1779604643.
33827, 52609
List the prime factors of 25577143.
25577143
What are the prime factors of 5982305362?
2, 11, 71, 3829901
What are the prime factors of 184795216?
2, 19, 31, 19609
What are the prime factors of 67374015?
3, 5, 23, 401, 487
What are the prime factors of 1325879658?
2, 3, 24553327
What are the prime factors of 17736348?
2, 3, 7, 19, 11113
List the prime factors of 62124292.
2, 101, 367, 419
List the prime factors of 56945621.
71, 73, 10987
What are the prime factors of 101496424?
2, 23, 67, 8233
List the prime factors of 12036407.
12036407
What are the prime factors of 165526908?
2, 3, 13793909
List the prime factors of 148570118.
2, 74285059
List the prime factors of 2672952649.
29, 31, 2973251
What are the prime factors of 308400464?
2, 47, 67, 6121
What are the prime factors of 699795496?
2, 87474437
What are the prime factors of 107417826?
2, 3, 359, 1847
List the prime factors of 57891408.
2, 3, 1206071
List the prime factors of 1047993182.
2, 523996591
List the prime factors of 37278258.
2, 3, 6213043
List the prime factors of 36922011.
3, 7, 17, 103423
What are the prime factors of 21342935?
5, 47, 90821
What are the prime factors of 37231384?
2, 4653923
What are the prime factors of 447549906?
2, 3, 74591651
What are the prime factors of 515865690?
2, 3, 5, 41, 139801
List the prime factors of 406343297.
406343297
What are the prime factors of 3823413371?
1231, 3105941
List the prime factors of 371878922.
2, 185939461
List the prime factors of 218886672.
2, 3, 37, 3331
What are the prime factors of 84073629?
3, 151, 185593
List the prime factors of 46863500.
2, 5, 19, 4933
List the prime factors of 1764756952.
2, 7, 29, 67, 331
List the prime factors of 2206508649.
3, 735502883
What are the prime factors of 37321733?
79, 229, 2063
What are the prime factors of 64905516?
2, 3, 13, 46229
What are the prime factors of 2476698026?
2, 11, 5953, 18911
What are the prime factors of 40232428?
2, 23, 61, 67, 107
List the prime factors of 391490536.
2, 48936317
List the prime factors of 335157416.
2, 11, 19, 18223
List the prime factors of 34650940.
2, 5, 29, 59743
List the prime factors of 2148778085.
5, 429755617
List the prime factors of 724278624.
2, 3, 281, 26849
List the prime factors of 749538210.
2, 3, 5, 103, 107, 2267
List the prime factors of 60327763.
60327763
What are the prime factors of 65373184?
2, 63841
What are the prime factors of 36822923?
1327, 27749
List the prime factors of 299592497.
2843, 105379
What are the prime factors of 47745752?
2, 5968219
List the prime factors of 7040740.
2, 5, 7, 50291
What are the prime factors of 185423243?
37, 5011439
List the prime factors of 77534351.
37, 2095523
What are the prime factors of 1285650400?
2, 5, 1607063
What are the prime factors of 3741765?
3, 5, 19, 691
List the prime factors of 3313319512.
2, 37, 71, 4261
What are the prime factors of 719692102?
2, 823, 437237
List the prime factors of 69485506.
2, 43, 331, 2441
What are the prime factors of 7980121888?
2, 2417, 103177
List the prime factors of 491500745.
5, 98300149
What are the prime factors of 195177376?
2, 53, 157, 733
List the prime factors of 6753253970.
2, 5, 675325397
List the prime factors of 340184407.
14149, 24043
List the prime factors of 2428472584.
2, 167, 197, 9227
List the prime factors of 310605730.
2, 5, 19, 1634767
List the prime factors of 357584752.
2, 7, 31, 14713
What are the prime factors of 2878740366?
2, 3, 5503, 87187
List the prime factors of 888365898.
2, 3, 7, 2473, 2851
List the prime factors of 3070851976.
2, 79, 4858943
List the prime factors of 2127642082.
2, 1063821041
What are the prime factors of 441712564?
2, 17, 6495773
What are the prime factors of 1174179475?
5, 7, 6709597
List the prime factors of 56830424.
2, 7, 23, 44123
What are the prime factors of 723097099?
723097099
List the prime factors of 19109468.
2, 7, 53, 79, 163
List the prime factors of 425736737.
10531, 40427
What are the prime factors of 48487748?
2, 41, 173, 1709
What are the prime factors of 970443967?
970443967
List the prime factors of 53511111.
3, 281, 2351
List the prime factors of 6061865608.
2, 47, 1213, 13291
What are the prime factors of 685668089?
17, 263, 153359
What are the prime factors of 471405294?
2, 3, 26189183
What are the prime factors of 6362063847?
3, 706895983
List the prime factors of 783532404.
2, 3, 179, 121591
What are the prime factors of 15336711?
3, 13, 47, 2789
What are the prime factors of 28760247?
3, 83, 38501
List the prime factors of 775727718.
2, 3, 37, 3494269
List the prime factors of 132551751.
3, 3457, 12781
What are the prime factors of 638597302?
2, 7, 6516299
What are the prime factors of 28381114?
2, 71, 269, 743
What are the prime factors of 1246202256?
2, 3, 13, 1997119
What are the prime factors of 96122773?
23, 4179251
What are the prime factors of 35051929?
11, 373, 8543
List the prime factors of 430630851.
3, 7, 641, 31991
What are the prime factors of 105438520?
2, 5, 11, 239633
What are the prime factors of 5276094695?
5, 1055218939
What are the prime factors of 1363229173?
97, 14053909
What are the prime factors of 212306020?
2, 5, 10615301
What are the prime factors of 212150152?
2, 26518769
List the prime factors of 44705145.
3, 5, 89, 33487
List the prime factors of 2365077253.
7, 11, 2792299
List the prime factors of 43732324.
2, 173, 63197
What are the prime factors of 1096376570?
2, 5, 19, 107, 199, 271
What are the prime factors of 2236507657?
2236507657
What are the prime factors of 1510736671?
17, 31, 79, 131, 277
What are the prime factors of 1700081264?
2, 7, 79, 27449
List the prime factors of 4196119793.
23, 31, 677, 8693
What are the prime factors of 34296911?
11, 3117901
What are the prime factors of 1964572879?
1964572879
List the prime factors of 135873737.
193, 704009
What are the prime factors of 201122203?
31, 6487813
What are the prime factors of 1626441259?
41, 59, 197, 3413
List the prime factors of 38994467.
38994467
What are the prime factors of 103551098?
2, 7, 31, 397, 601
List the prime factors of 562009301.
7, 23, 661, 5281
What are the prime factors of 1056706053?
3, 13, 113, 239779
What are the prime factors of 80471805?
3, 5, 1583, 3389
List the prime factors of 16469800.
2, 5, 82349
What are the prime factors of 566222723?
11, 17, 1433, 2113
List the prime factors of 155123156.
2, 53, 731713
What are the prime factors of 184831287?
3, 61610429
List the prime factors of 369613288.
2, 11, 59, 257, 277
List the prime factors of 316228755.
3, 5, 83, 253999
List the prime factors of 3011855052.
2, 3, 89, 2820089
List the prime factors of 296888537.
11, 2927, 9221
What are the prime factors of 98633551?
98633551
List the prime factors of 394447837.
7, 1171, 48121
What are the prime factors of 3728483959?
3728483959
What are the prime factors of 2707786898?
2, 29, 46685981
What are the prime factors of 1664585631?
3, 184953959
List the prime factors of 44535896.
2, 5566987
What are the prime factors of 1863673377?
3, 163, 3811193
What are the prime factors of 386379026?
2, 11, 17, 1033099
List the prime factors of 58756673.
313, 187721
What are the prime factors of 123773467?
19, 701, 9293
List the prime factors of 355494925.
5, 89, 159773
List the prime factors of 193004718.
2, 3, 32167453
What are the prime factors of 34137919?
449, 76031
What are the prime factors of 547569272?
2, 137, 499607
What are the prime factors 